common factor of 21 and 7?
7
What is the greatest common divisor of 2007 and 18?
9
What is the highest common divisor of 6080 and 360?
40
Calculate the greatest common factor of 45271 and 17.
17
Calculate the greatest common divisor of 6 and 51.
3
What is the greatest common divisor of 98 and 77?
7
What is the greatest common factor of 522 and 18?
18
What is the highest common divisor of 11121 and 55?
11
What is the highest common factor of 35 and 595?
35
What is the greatest common factor of 1122 and 33?
33
Calculate the greatest common factor of 532 and 7.
7
What is the highest common divisor of 255 and 55?
5
What is the highest common factor of 20 and 605?
5
Calculate the greatest common factor of 24 and 2724.
12
What is the greatest common divisor of 585 and 65?
65
What is the greatest common divisor of 76 and 16?
4
What is the greatest common divisor of 246 and 2829?
123
Calculate the greatest common divisor of 72 and 648.
72
Calculate the greatest common divisor of 136 and 24.
8
What is the highest common divisor of 86 and 1634?
86
What is the greatest common divisor of 84 and 210?
42
Calculate the highest common divisor of 252 and 420.
84
What is the greatest common divisor of 9248 and 80?
16
What is the greatest common divisor of 17 and 272?
17
What is the greatest common factor of 2413 and 127?
127
Calculate the greatest common divisor of 72 and 96.
24
Calculate the greatest common factor of 4996 and 8.
4
Calculate the greatest common factor of 1204 and 28.
28
Calculate the highest common divisor of 225 and 4925.
25
What is the greatest common factor of 20 and 140?
20
Calculate the greatest common divisor of 1708 and 122.
122
Calculate the greatest common divisor of 259 and 35.
7
What is the greatest common divisor of 41 and 533?
41
What is the highest common factor of 104 and 2015?
13
What is the greatest common factor of 35 and 25?
5
What is the greatest common divisor of 28 and 308?
28
Calculate the greatest common factor of 36136 and 8.
8
What is the highest common divisor of 1825 and 146?
73
What is the highest common factor of 32399 and 716?
179
What is the greatest common divisor of 5013 and 9?
9
Calculate the greatest common factor of 391 and 46.
23
Calculate the greatest common divisor of 31 and 589.
31
Calculate the greatest common factor of 486 and 54.
54
What is the greatest common factor of 2 and 8?
2
Calculate the greatest common factor of 300 and 24.
12
What is the greatest common divisor of 1961 and 925?
37
Calculate the greatest common divisor of 189 and 1944.
27
What is the highest common divisor of 53 and 19?
1
Calculate the greatest common divisor of 1938 and 918.
102
Calculate the greatest common divisor of 410 and 40.
10
What is the highest common divisor of 260 and 416?
52
What is the highest common factor of 27 and 2?
1
Calculate the highest common factor of 1904 and 224.
112
Calculate the highest common factor of 175 and 425.
25
Calculate the greatest common factor of 164 and 2.
2
What is the highest common divisor of 156 and 60?
12
Calculate the highest common factor of 67730 and 130.
130
Calculate the greatest common divisor of 294 and 1127.
49
Calculate the highest common divisor of 9 and 401.
1
What is the highest common factor of 880 and 616?
88
What is the highest common divisor of 115 and 920?
115
What is the greatest common factor of 23 and 23?
23
What is the highest common divisor of 170 and 1989?
17
What is the highest common divisor of 38 and 2546?
38
Calculate the highest common factor of 495 and 1375.
55
What is the highest common divisor of 84 and 1323?
21
What is the highest common divisor of 188 and 60?
4
Calculate the highest common divisor of 8 and 4.
4
Calculate the highest common factor of 24 and 8724.
12
What is the highest common divisor of 4 and 62?
2
What is the highest common divisor of 102 and 12?
6
What is the greatest common factor of 2599 and 23?
23
What is the greatest common factor of 252 and 2124?
36
Calculate the highest common divisor of 495 and 15.
15
Calculate the greatest common factor of 16 and 10376.
8
What is the greatest common factor of 17 and 289?
17
What is the highest common divisor of 195 and 45?
15
Calculate the greatest common factor of 215 and 129.
43
What is the greatest common divisor of 1037 and 51?
17
Calculate the greatest common factor of 5535 and 1435.
205
What is the greatest common divisor of 12 and 16?
4
What is the highest common factor of 378 and 486?
54
What is the highest common factor of 1326 and 34?
34
Calculate the greatest common divisor of 665 and 3591.
133
What is the highest common divisor of 1133 and 33?
11
What is the highest common divisor of 30 and 380?
10
What is the highest common factor of 986 and 232?
58
Calculate the greatest common divisor of 103 and 1957.
103
What is the highest common divisor of 279 and 18?
9
What is the greatest common divisor of 3315 and 78?
39
What is the highest common factor of 74412 and 12?
12
What is the greatest common factor of 369 and 657?
9
Calculate the highest common factor of 902 and 44.
22
What is the greatest common factor of 14 and 45038?
14
Calculate the highest common factor of 4828 and 213.
71
Calculate the greatest common factor of 13 and 689.
13
What is the highest common factor of 76 and 57?
19
Calculate the highest common factor of 6 and 1358.
2
What is the highest common divisor of 354 and 24603?
177
What is the greatest common divisor of 147 and 2597?
49
Calculate the highest common divisor of 70 and 567.
7
What is the highest common factor of 460 and 40?
20
Calculate the highest common divisor of 726 and 6.
6
What is the greatest common divisor of 42 and 854?
14
Calculate the highest common divisor of 258 and 55212.
258
Calculate the greatest common factor of 72 and 468.
36
Calculate the greatest common factor of 98 and 280.
14
What is the highest common divisor of 288 and 64?
32
Calculate the greatest common divisor of 231 and 21.
21
What is the highest common divisor of 210 and 4270?
70
What is the highest common divisor of 1089 and 36?
9
What is the highest common factor of 66 and 7062?
66
Calculate the highest common divisor of 49 and 784.
49
What is the greatest common divisor of 352 and 4048?
176
Calculate the highest common divisor of 43 and 1.
1
Calculate the greatest common divisor of 67 and 670.
67
What is the greatest common factor of 5 and 18235?
5
What is the greatest common divisor of 84 and 24?
12
Calculate the greatest common divisor of 77 and 341.
11
What is the greatest common divisor of 10 and 490?
10
What is the highest common factor of 16 and 6?
2
What is the highest common factor of 333 and 225?
9
What is the highest common divisor of 108 and 42?
6
What is the highest common divisor of 81 and 30699?
81
What is the highest common factor of 27 and 58833?
27
What is the greatest common factor of 27 and 153?
9
Calculate the highest common divisor of 1036 and 7511.
259
What is the greatest common factor of 14 and 252?
14
Calculate the highest common factor of 112 and 133.
7
What is the highest common divisor of 48 and 666?
6
What is the greatest common divisor of 44 and 33?
11
What is the highest common factor of 1089 and 9?
9
What is the highest common factor of 111 and 1443?
111
Calculate the highest common divisor of 74288 and 32.
16
Calculate the greatest common divisor of 72 and 8010.
18
Calculate the greatest common factor of 189 and 7.
7
What is the greatest common factor of 14 and 586?
2
What is the highest common factor of 28 and 36?
4
What is the highest common divisor of 10 and 86?
2
Calculate the highest common divisor of 1235 and 39.
13
What is the greatest common divisor of 484 and 220?
44
Calculate the highest common factor of 18 and 162.
18
Calculate the greatest common factor of 275 and 18150.
275
What is the highest common factor of 2418 and 2976?
186
Calculate the highest common factor of 952 and 2296.
56
What is the greatest common divisor of 50 and 850?
50
Calculate the greatest common divisor of 390 and 12.
6
Calculate the highest common factor of 27 and 1611.
9
Calculate the highest common factor of 62 and 1798.
62
Calculate the greatest common divisor of 243 and 9.
9
Calculate the greatest common factor of 11 and 297.
11
Calculate the greate